= 2*k - 1. Let d be 9/(-2*1/10) + -3. Let o = -44 - d. Determine c(o).
7
Let q(o) = 15*o**3 + 4*o**2 + 9*o - 18. Let c(a) = -13*a**3 - 4*a**2 - 8*a + 16. Let y(v) = 7*c(v) + 6*q(v). Determine y(-4).
12
Let w(l) = -l**3 - 12*l**2 + 13*l + 2. Let t = 185 + -198. Calculate w(t).
2
Suppose -3*r - 19 = 16*r. Let g(d) = 9*d + 3. Calculate g(r).
-6
Let q(l) be the third derivative of l**5/60 - l**4/3 + l**3/2 + l**2 - 98*l. Calculate q(7).
-4
Let f(n) = 8*n - 8*n - 30 - 2*n. Let o be f(-13). Let y(g) = g**2 + 4*g + 5. Calculate y(o).
5
Let f(g) = 5*g**2 - 2*g - 5. Let w(c) = -6*c**2 + c + 6. Suppose -5*u = -u + 5*z - 4, 4*u + 4*z = 0. Let v(n) = u*w(n) - 5*f(n). What is v(6)?
1
Let u(r) = -r**2 + 7*r - 3. Let x(c) = c**2 + 13*c + 11. Let q be (-42)/9*(-12)/(-4). Let t be x(q). Let n = t - 20. Calculate u(n).
7
Let g(d) = d**3 + 8*d**2 - 11*d - 12. Let i be g(-9). Let l(o) = -3*o - 3*o + o**3 + 6*o**2 - 11*o**2 + 2. Determine l(i).
2
Let h be -10*(0 - -2)/(-2). Let v be (1 - -1)*(1 + h/4). Let t(u) = u**2 - 7*u + 2. Determine t(v).
2
Let w be (4/10)/((-6)/(-60)). Let f(j) = -1 + 4*j - w*j + j. Determine f(-2).
-3
Let p(g) = g**3 - 4*g**2 + 4*g - 1. Let q = -18 + 21. Give p(q).
2
Let p be 0/13 - (1 - -2). Let y be (48/p)/(-4 + 2). Let j(w) = -w + 2. Calculate j(y).
-6
Let w = -17 - -20. Suppose -5*r + u + 23 = 2*u, w*r - u = 17. Let y(c) = 27 + r*c - 3*c - 27. What is y(-4)?
-8
Let r(o) be the second derivative of -o**4/12 + 5*o**3/3 - 13*o**2/2 + o. Suppose 0 = -26*d + 27*d - 9. Let z be r(d). Let w(g) = -g - 9. Give w(z).
-5
Let c(f) = f + 0*f - 24*f**3 - 2*f**2 - 2*f + 2*f. Let u = -781 - -782. Determine c(u).
-25
Let l(v) = -2*v**3 - 1. Let n(j) = -j**3 + 28*j**2 - 51*j - 25. Let b be n(26). What is l(b)?
-3
Suppose 7*h - 5 = -54. Let q(d) = -7*d**2 + 8*d + 4. Let o(k) = 8*k**2 - 9*k - 5. Let s(u) = h*q(u) - 6*o(u). What is s(2)?
2
Let u(y) be the second derivative of y**4/12 - 5*y**3 + 27*y**2/2 + 54*y. Determine u(29).
-2
Let x = 278 - 276. Let i(q) be the second derivative of -1/2*q**3 + 0 - 7/2*q**x + 1/12*q**4 - 5*q. Determine i(5).
3
Let q(k) = 39*k - 16. Let n(h) = 26*h - 11. Let x(a) = 7*n(a) - 5*q(a). Suppose -141 = -35*y - 11*y - 49. Calculate x(y).
-23
Suppose -5*z = -5*j - 10, 5*z + 5*j + 8 = 38. Let u(l) be the second derivative of -l**5/20 + l**4/4 + l**3/2 - l. Give u(z).
-4
Let w(z) be the first derivative of -16*z**2 + 0*z - z + 12*z**2 - 3. What is w(-1)?
7
Let x(h) = 3*h - 5. Let t be ((-8)/(-6))/((-7)/(-21)). Calculate x(t).
7
Let n be -3 + 2 + (-48)/(-8). Suppose -16 = -2*f + 2*x, -f - 4*x = 4*f + n. Let c(g) = -f*g + 2 - 3 + 0*g. Determine c(2).
-7
Let b(d) be the first derivative of 0*d + 1 + 5/2*d**2. Let c(u) = 43*u + 343. Let t be c(-8). What is b(t)?
-5
Suppose -5*d + 3 = k, 0 = 5*k - 2*d - d - 15. Let l be 15/6*(-12)/(-30). Let m(x) = l - 3 - 3 - 2*x + 2. Determine m(k).
-9
Let p be (-1 + 1)/(0 - -2). Let b(i) be the second derivative of i**3/6 + 5*i**2/2 - 1784*i. What is b(p)?
5
Let f(h) be the second derivative of h**5/20 - h**4/6 - h**3/3 - h**2/2 + 7*h - 24. Give f(4).
23
Let x(o) = 4*o + 2. Suppose t = -5*j + 2*t + 209, 2 = 2*t. Suppose 16 = -13*b + j. Calculate x(b).
10
Let s(x) be the third derivative of -x**5/60 - x**4/24 + x**3/6 - 3*x**2 - 38*x. Give s(4).
-19
Let o(n) = 6*n - 6. Let i be o(4). Let x = i - 16. Let s(f) = -f - 7*f + 3*f + f - 1. Calculate s(x).
-9
Let c be 6 + -4 + -3 + 4. Suppose -5*w = -2*w - 9. Let i(x) = 2*x - c + 0*x - w*x - 10. Calculate i(-7).
-6
Let k(d) be the first derivative of d**4/4 + 4*d**3 - 8*d**2 - 15*d + 664. What is k(-13)?
24
Let i(n) = 1 - 1 + 10*n**3 + 2*n**2 - 1. Let z(d) = d**3 + d**2 + 21*d - 55. Let y be z(2). Give i(y).
-9
Let l(z) = z**3 + z**2 - 4*z + 3. Let w(t) = 4*t**2 - 18*t + 11. Let x be w(4). What is l(x)?
27
Let h(o) = -25*o**2 + 13*o - 4. Let n(l) = -39*l**2 + 20*l - 6. Let d(t) = 8*h(t) - 5*n(t). Calculate d(3).
-35
Let i = -119 + 113. Let r(f) = -f**2 - 6*f - 1. Calculate r(i).
-1
Suppose -4*h + 3*h + 3 = 0. Let m(k) = -25 - 13*k + 12 + 8*k + 11 + 6*k. What is m(h)?
1
Let f(x) be the third derivative of x**5/60 + 5*x**4/24 + 7*x**3/6 + 3*x**2 + 60. Determine f(-6).
13
Let x = -17 - -19. Let m(l) = -l**x + 2*l - 6 + 3 - 6*l + 4. Let k be 1 - 4 - 0/(-1). What is m(k)?
4
Suppose 20*x = -73 + 353. Let m(r) = -2*r + 21. Determine m(x).
-7
Suppose 20 + 10 = -w. Let o be (-10)/(-4)*(84/w)/(-7). Let a(l) = 7*l**2 - l + 1. Determine a(o).
7
Let b(z) = 5*z - 1. Let r be 90/(-72) + 4/(-32)*38. Calculate b(r).
-31
Let h(g) = -g**3 + 9*g**2 - 9*g + 2. Suppose v - 44 = -5*m, -10*m - 5*v = -12*m - 4. Determine h(m).
-6
Let k(d) = -d**3 - 5*d**2 - d - 3. Let v be k(-5). Suppose -v*h - 9 = h. Let n(q) be the second derivative of -q**4/12 - q**3/3 + q**2/2 - 3*q. Calculate n(h).
-2
Suppose 5*s - 17 = -2. Let l(d) = 9*d**2 + 14*d + 15. Let h(x) = -x**2 - 3*x - 2. Let u(w) = -6*h(w) - l(w). Calculate u(s).
-18
Let s = 68 + -66. Suppose 0 = s*k - k + 6. Let p(v) = -v**3 - 6*v**2 - v - 6. Give p(k).
0
Let t(m) = -2. Let p(q) = -q - 11. Let y(h) = p(h) + t(h). What is y(-17)?
4
Let h(v) be the second derivative of v**4/12 - 2*v**3/3 - 25*v**2 + 8*v. Let o be h(9). Let r(a) = a**3 + 5*a**2 - a + 4. What is r(o)?
9
Let m(s) be the first derivative of -s**7/840 + s**6/90 - s**4/8 + 2*s**3/3 - 28. Let j(h) be the third derivative of m(h). Let w be (-2)/2 + 0 + 5. Give j(w).
-3
Let k(z) be the second derivative of z**6/120 - z**5/120 - z**4/24 - 17*z**3/6 + 24*z. Let v(m) be the second derivative of k(m). Calculate v(-2).
13
Let h(f) be the third derivative of -f**5/30 + f**4/8 + 2*f**3/3 + 27*f**2 - 3*f. What is h(3)?
-5
Let p(b) = b**2 - 6*b - 5. Let z = 22 - 2. Suppose -z = -4*s - 8. Suppose 0 = s*k + k - 20. Determine p(k).
-10
Let y be (2 - 0)/(-2) + 5. Suppose -9 = -y*b + 3. Let v(n) = 4 - 3*n - 5 - 3*n**3 + 5*n**b. What is v(-2)?
-11
Let j(q) = -q**3 + 2*q**2 + 3*q - 2. Let o = 11 + -8. Let c be j(o). Let t(f) = 1. Let l(z) = z + 1. Let g(i) = 3*l(i) - t(i). Determine g(c).
-4
Let r(i) = -i - 2. Let d(l) = -9. Let f(z) = -d(z) + 6*r(z). What is f(-2)?
9
Let n(s) = -s**2 + 2*s - 1. Let u(i) = -i. Let w be u(-6). Let p = -4 + w. Suppose -3*b = 12, -p*c + 3*b + 16 = 2*c. Calculate n(c).
0
Let h(n) be the second derivative of -n**4/4 + n**2 + n - 2. Let l = -7 - -5. Give h(l).
-10
Let c(n) = -n**2 + 2*n - 4. Suppose 4*m - 17 = -d, -7*m = -4*m - 5*d - 7. Determine c(m).
-12
Let p be (16/9)/((-36)/(-162)). Let q(k) = -k**3 + 9*k**2 - 8*k - 7. Give q(p).
-7
Let q(g) be the third derivative of 16*g**2 + 0*g + 1/24*g**4 - 11/6*g**3 + 0. Determine q(11).
0
Let z(m) = -67*m**2 - 62*m**2 + 12*m - 11 - 63*m**2 + 193*m**2. What is z(-12)?
-11
Let w(s) = -s**3 - 10*s**2 + 19*s - 70. Let f be w(-12). Let q(b) = b**3 + 11*b**2 + 10*b + 6. Calculate q(f).
6
Let x(m) = 138*m + 563. Let n be x(-4). Let c(k) = k - 15. Calculate c(n).
-4
Let m be ((-1)/2)/(4/16). Let y = m - -1. Let w(r) = 0*r**2 - 4*r**2 + r + 3*r**2 + 3*r**2. Give w(y).
1
Let j(g) = -2*g**2 - 31*g - 15. Let n be j(-15). Suppose 4 = -4*b + 5*c, 2*b - b - 3*c + 8 = n. Let w(k) = -k**3 + 4*k**2 - 2*k + 5. Determine w(b).
-3
Let u(t) be the third derivative of 4*t**5/15 + t**3/6 + t**2 - 40*t. Give u(1).
17
Let p be -2 + (-32)/(-12) + (-150)/9. Let k(t) = -t**2 - 16*t - 10. Calculate k(p).
-10
Let z(u) be the second derivative of u**5/20 + u**4/4 - u**3/3 + 5*u**2/2 + 27*u. Determine z(-4).
-3
Let w = 645 - 647. Let k(l) = 3*l. Calculate k(w).
-6
Let o(n) be the second derivative of n**6/360 + 3*n**5/40 + 3*n**4/8 + 5*n**3/6 + 4*n. Let s(d) be the second derivative of o(d). Give s(-6).
-9
Let z(i) be the first derivative of -i**3/3 - 9*i**2/2 + 3*i + 4. Suppose 471*q - 54 = 477*q. Determine z(q).
3
Let c be (3/(-6))/((-3)/72). Suppose 3*k + 0*k + c = 0. Let b(j) = -j**2 + 5*j - 5. Let m(i) = -2*i**2 + 10*i - 11. Let t(f) = k*m(f) + 9*b(f). Calculate t(6).
-7
Let n be (-30)/8 - 1/4. Suppose -9*r = -49 + 31. Let m(c) = 4*c + 0*c - r - 3*c. Give m(n).
-6
Let h(g) be the third derivative of -g**5/30 - g**4/8 - g**3/2 + 6*g**2. Let r(t) be the first derivative of h(t). Determine r(4).
-19
Let p(r) be the first derivative of 1/4*r**4 - 3*r**2 - 2*r - 5/3*r**3 + 6. Give p(6).
-2
Let l(s) = 2*s**3 + 4*s**2 - 3*s + 5. Let y(v) = -v**3 -